 and u?
17
Suppose 5*u - z + 15 = -9, 3*u + 24 = 3*z. Let p be (u + 44/8)*-8. Let d be 2/p + 127/6. What is the greatest common factor of d and 7?
7
Let r(s) = -s**2 + 2*s + 3. Let i be r(0). Suppose -u + 2*u - 64 = 3*z, i*z - 88 = -u. What is the highest common factor of u and 38?
38
Suppose 0 = n - b - 140 + 38, 194 = 2*n + 3*b. Calculate the greatest common divisor of 175 and n.
25
Let a be (-122)/(-183) + (1 - (-19)/3). Suppose d - 2*g = 95, -4*d + a*d - 377 = 5*g. Calculate the greatest common divisor of 124 and d.
31
Let n be 12/(-16) + 165/12. Let f be 3*n/3 + -1. Let z(h) = -h**3 - 16*h**2 - 32*h - 38. Let r be z(-14). Calculate the highest common divisor of r and f.
6
Let g = 4829 - 4684. Calculate the greatest common factor of g and 6815.
145
Let i be (-3116)/(-28) - (90/21)/15. Calculate the highest common divisor of 3552 and i.
111
Let m = 8337 - 8273. What is the greatest common divisor of 2576 and m?
16
Let p = 5 + -3. Let s be (8/p - 1) + -2. Let d(n) = 4*n**3 + 65*n**2 + 29*n + 213. Let v be d(-16). What is the greatest common divisor of s and v?
1
Let y be -3*-309*8/24. Suppose y*n - 148 = 307*n. Calculate the greatest common divisor of n and 2.
2
Let h be 306/7 + (-270)/(-945). What is the highest common divisor of 3476 and h?
44
Let l be -98*((-45)/10 - -4). Suppose -f - 2*w + 0 = -l, 0 = w. Suppose t + 5 = -4*t, -2*d + 5*t + f = 0. What is the greatest common divisor of d and 154?
22
Suppose -4125 + 13640 = 11*z. Let a = 660 + z. Suppose 4*u - 1257 = 5*g - 0, -5*u - 3*g + a = 0. Calculate the highest common factor of 28 and u.
28
Let j(n) = 134*n**2 - 95*n - 390. Let v be j(-4). Calculate the highest common divisor of 582 and v.
194
Let l = -2435 - -2710. What is the highest common divisor of l and 385?
55
Suppose 8*l - 3686 = -30*l. Let k be 2*(-9)/((-54)/3201). What is the greatest common factor of l and k?
97
Let l(v) = -142*v - 2728. Let w be l(-20). What is the highest common factor of 3304 and w?
56
Let n = -1 - -3. Suppose 28 = n*k - 0*k. Suppose -136*w = -106*w - 1050. Calculate the highest common divisor of k and w.
7
Let l(f) = -9*f**2 - 2*f - 3. Let j be -1*4/(-8)*-2. Let q be l(j). Let z be (8/4 + -7)*(q - 0). Calculate the highest common factor of z and 10.
10
Suppose -5*n = 20, 7*o = 5*o + 5*n + 20. Suppose o = 36*x - 257 - 391. Calculate the highest common divisor of 6 and x.
6
Suppose 3*g + 2*i - 855 = -340, -4*g + 5*i = -679. Let p = g - 154. Let f(r) = 18*r**2 + 2*r - 3. Let c be f(-3). What is the greatest common factor of c and p?
17
Suppose 5*h - 144 = 2*h. Suppose h*d - 6 = 46*d. Let k be 140/30*d/2. What is the highest common factor of k and 49?
7
Let z(i) = i**3 + 3*i**2 - 85*i + 24. Let w be z(-11). Let g(v) = -45*v - 81. Let t be g(w). What is the greatest common divisor of t and 36?
36
Let k(f) = f**2 + 44*f + 240. Let s be k(-5). What is the greatest common divisor of s and 72?
9
Suppose -671*g + 220623 = -52474. Calculate the highest common divisor of g and 1199.
11
Suppose 13572 + 78632 = 28*p. What is the greatest common factor of p and 178?
89
Let k be ((-384)/140)/(1/7)*-450. Calculate the greatest common factor of k and 6.
6
Suppose -230 = -5*s - 2*i, -3*s + 4*i = -0*i - 138. Suppose s*c = 38*c + 448. Calculate the highest common divisor of 64 and c.
8
Let i = 1127 - 959. Let a = 51 + -9. Calculate the highest common divisor of i and a.
42
Let a(k) = 6*k**2 - 207*k + 609. Let d be a(3). Suppose 5*f + 65 - 905 = 0. Calculate the highest common factor of d and f.
42
Let a(t) = -t**2 + 17*t + 120. Let d be a(22). Let s be (d - 2)/(6/12). Calculate the greatest common factor of s and 400.
16
Suppose 77 + 43 = -8*d. Let x = 6 - d. What is the greatest common divisor of 336 and x?
21
Let t(c) = -5*c**2 + 111*c - 214. Let j be t(19). Calculate the greatest common divisor of j and 36.
18
Suppose -7*x + 4*x + 687 = 0. Let i = -97 + x. Suppose i = 2*z - 18. What is the highest common divisor of 5 and z?
5
Let n be -4*(-538)/24 + 2/(-3). Let a = -85 + n. Let v(f) = -f**2 + 8*f - 6. Let k be v(6). What is the highest common factor of k and a?
2
Suppose -3*i - 5*c + 880 = 0, 6*i - 7*i = c - 290. Calculate the greatest common divisor of i and 15.
15
Suppose -36 = 10*m - 86. Suppose q = -5*s - 20 + 104, 20 = m*q. What is the highest common factor of s and 16?
16
Suppose 0*j = 3*j. Suppose -y - 5*s - 23 = -4*y, 3*y - 4*s - 22 = j. Suppose -y*t - 14 + 518 = 0. What is the highest common factor of 56 and t?
28
Let i = -110133 + 110156. Suppose 0 = r + 76 - 283. What is the greatest common divisor of r and i?
23
Suppose 3*c - 162 = c. Suppose -2*y = 4, -5*z + 5*y - 8 = -7*z. Calculate the highest common factor of c and z.
9
Let u(n) = n**3 - n**2 + n + 187. Let y be u(0). Suppose 4*m + 3*q - 331 = -0*q + 4*q, 4*q - 84 = 0. What is the highest common divisor of m and y?
11
Suppose -1267518 = -160*j + 1943429 - 350787. Calculate the greatest common divisor of j and 164.
164
Let c(x) = -x**2 - 14*x - 11. Let w be c(-10). Let f = w - 25. Suppose -5*a - 18 = -f*i, -2 = -i - 2*a - 4. Calculate the greatest common factor of 26 and i.
2
Let k be -595*((-232)/45 - (75/(-135) + 1)). What is the greatest common factor of k and 84?
28
Suppose 51*n - 48*n = 42. Let w be ((n/6)/(-7))/((-1)/69). Let p(z) = 38*z - 13. Let i be p(7). What is the highest common divisor of i and w?
23
Suppose -11*v + 36*v = 75. Suppose 3*l = c + 6*l - 123, -2*l + 404 = v*c. Calculate the highest common factor of 115 and c.
23
Let i(v) = 218*v - 7143. Let d be i(33). What is the greatest common factor of 156 and d?
3
Let x = -57 - -41. Let y be 14*-2*(-92)/x. Let l = -73 - y. What is the greatest common divisor of l and 8?
8
Let x be 2 - (-63)/(-30) - 11/(-110). Suppose x = -3*z + 15, 2*h = 4*z - 11 + 3. What is the greatest common factor of 18 and h?
6
Let a = -265 - -325. Let y(r) = -r**3 - 5*r**2 + 14*r. Let k be y(-7). Suppose k = -o + 6*o - a. What is the greatest common factor of 18 and o?
6
Suppose 4*i = 3*b + 11097, 122 = -4*b + 94. What is the greatest common factor of i and 3621?
213
Let o = -15906 + 19906. What is the highest common factor of o and 300?
100
Suppose -847*v + 891*v = 173228. Calculate the greatest common divisor of 1016 and v.
127
Let s(q) = -35*q + 1510. Let c be s(20). Calculate the greatest common divisor of c and 10260.
270
Suppose -50*i = -53*i + 663. Let k = -86 + i. Let w be -2 + 2 + k + (3 - 6). Calculate the greatest common divisor of w and 12.
12
Let f be (-1194 - 6)/12*(-12)/15. Calculate the greatest common factor of 2860 and f.
20
Let x = 102 - 270. Let t be 2/(-18) - (x/54 - 0). Suppose -5*n - 5*o + 20 = 0, 0 = -9*o + 4*o + 10. What is the highest common divisor of n and t?
1
Suppose -2*v + 1 = 3*i, 4*i + 36 = 3*v - v. Let z be -2 + 14/v + (-2811)/(-12). Calculate the highest common factor of z and 26.
26
Suppose -6*z + 128 = 10*z. Let c be (-1445)/(-35) + 5/((-140)/z). Suppose 0 = -43*i + c*i + 16. What is the highest common factor of i and 2?
2
Let d(u) = 9*u - 29. Let h(n) = 8*n - 28. Let z(j) = -6*d(j) + 7*h(j). Let m be z(13). Calculate the greatest common factor of m and 10.
2
Let f be (1 - (-2)/(-1))*(-12 - 1). Suppose f*k = 2*k + 9317. Calculate the greatest common divisor of 77 and k.
77
Let i = 1529 + -1074. Calculate the greatest common factor of i and 130.
65
Suppose 3*w - 187 - 77 = 0. Let x = w - 80. Let h(m) = -3*m + 33. Let g be h(x). What is the highest common factor of g and 9?
9
Let x = -27213 + 27276. What is the highest common divisor of x and 15771?
21
Let w(h) = 13*h**2 - h - 2. Let i be w(-1). Let r(o) = -10*o**2 - 8*o - 1. Let z be r(-6). Let b = -181 - z. Calculate the greatest common factor of i and b.
12
Suppose -698 = -4*j + 3*s + 868, j - 400 = 5*s. Suppose 134395 - 31268 = 1479*p - 29983. Calculate the highest common divisor of p and j.
30
Let n(p) = -p**3 + 3*p**2 + 5*p - 2. Let r be n(4). Suppose 4*i - 6 - 42 = -l, -r*l + 120 = 2*i. Calculate the greatest common divisor of 1088 and l.
64
Let z = 35074 + -34937. What is the greatest common factor of 18084 and z?
137
Suppose 13*l - 30 = 3*l. Let v be 1*l - -8*(-18)/(-12). Suppose 3*x - v = -3. Calculate the greatest common divisor of 12 and x.
4
Let d be (-72)/9*-2*(-5 - (-2 + -10)). Calculate the greatest common divisor